{"id":2998,"date":"2024-07-28T23:34:34","date_gmt":"2024-07-28T21:34:34","guid":{"rendered":"http:\/\/www.academietempsdanse.com\/site\/?page_id=2998"},"modified":"2025-07-31T16:30:29","modified_gmt":"2025-07-31T14:30:29","slug":"inscription-2","status":"publish","type":"page","link":"http:\/\/www.academietempsdanse.com\/site\/inscription-2\/","title":{"rendered":"Inscriptions"},"content":{"rendered":"\n<p class=\"has-text-align-center\">Pour vous inscrire, veuillez contacter <strong>Tania Croquet <\/strong><\/p>\n\n\n\n<p class=\"has-text-align-center\">Par t\u00e9l\u00e9phone (sms ou Whatsapp): <strong>06 60 83 97 97<\/strong><\/p>\n\n\n\n<p class=\"has-text-align-center\">ou par Email : <strong>taniacroquet@yahoo.fr<\/strong><\/p>\n\n\n\n<p class=\"has-text-align-center\">Renseignez vos : Nom, pr\u00e9nom, date de naissance, adresse, mail, num\u00e9ro de t\u00e9l\u00e9phone, cours et abonnement(s) choisi(s)<\/p>\n\n\n\n<p class=\"has-text-align-center\">Vous pouvez \u00e9galement vous pr\u00e9senter aux <strong>permanences d&rsquo;inscriptions<\/strong> :<\/p>\n\n\n\n<ul class=\"wp-block-list\">\n<li>Lundi 1er septembre : 17h \u00e0 20h<\/li>\n\n\n\n<li>Mardi 2 septembre : 17h \u00e0 20h<\/li>\n\n\n\n<li>Mercredi 3 septembre : 18h \u00e0 20h<\/li>\n\n\n\n<li>Jeudi 4 septembre : 17h \u00e0 20h<\/li>\n\n\n\n<li>Vendredi 5 septembre : 17h \u00e0 20h<\/li>\n\n\n\n<li>Samedi 6 septembre : 10h \u00e0 12h et 14h \u00e0 16h<\/li>\n<\/ul>\n","protected":false},"excerpt":{"rendered":"<p>Pour vous inscrire, veuillez contacter Tania Croquet Par t\u00e9l\u00e9phone (sms ou Whatsapp): 06 60 83 97 97 ou par Email : taniacroquet@yahoo.fr Renseignez vos : Nom, pr\u00e9nom, date de naissance, adresse, mail, num\u00e9ro de t\u00e9l\u00e9phone, cours et abonnement(s) choisi(s) Vous pouvez \u00e9galement vous pr\u00e9senter aux permanences d&rsquo;inscriptions :<\/p>\n","protected":false},"author":1,"featured_media":0,"parent":0,"menu_order":0,"comment_status":"closed","ping_status":"closed","template":"","meta":{"footnotes":""},"class_list":["post-2998","page","type-page","status-publish","hentry"],"_links":{"self":[{"href":"http:\/\/www.academietempsdanse.com\/site\/wp-json\/wp\/v2\/pages\/2998"}],"collection":[{"href":"http:\/\/www.academietempsdanse.com\/site\/wp-json\/wp\/v2\/pages"}],"about":[{"href":"http:\/\/www.academietempsdanse.com\/site\/wp-json\/wp\/v2\/types\/page"}],"author":[{"embeddable":true,"href":"http:\/\/www.academietempsdanse.com\/site\/wp-json\/wp\/v2\/users\/1"}],"replies":[{"embeddable":true,"href":"http:\/\/www.academietempsdanse.com\/site\/wp-json\/wp\/v2\/comments?post=2998"}],"version-history":[{"count":6,"href":"http:\/\/www.academietempsdanse.com\/site\/wp-json\/wp\/v2\/pages\/2998\/revisions"}],"predecessor-version":[{"id":3064,"href":"http:\/\/www.academietempsdanse.com\/site\/wp-json\/wp\/v2\/pages\/2998\/revisions\/3064"}],"wp:attachment":[{"href":"http:\/\/www.academietempsdanse.com\/site\/wp-json\/wp\/v2\/media?parent=2998"}],"curies":[{"name":"wp","href":"https:\/\/api.w.org\/{rel}","templated":true}]}}